{"id":55,"date":"2016-08-12T18:32:46","date_gmt":"2016-08-12T21:32:46","guid":{"rendered":"http:\/\/www.eacc.univasf.edu.br\/site\/?page_id=55"},"modified":"2025-12-03T11:27:42","modified_gmt":"2025-12-03T14:27:42","slug":"equipe","status":"publish","type":"page","link":"https:\/\/eacc.univasf.edu.br\/index.php\/equipe\/","title":{"rendered":"Equipe"},"content":{"rendered":"<p><img loading=\"lazy\" decoding=\"async\" class=\"wp-image-1701 alignnone\" src=\"https:\/\/eacc-novo.univasf.edu.br\/wp-content\/uploads\/2024\/11\/equipe2-300x225.jpg\" alt=\"\" width=\"569\" height=\"427\" srcset=\"https:\/\/eacc.univasf.edu.br\/wp-content\/uploads\/2024\/11\/equipe2-300x225.jpg 300w, https:\/\/eacc.univasf.edu.br\/wp-content\/uploads\/2024\/11\/equipe2-1024x768.jpg 1024w, https:\/\/eacc.univasf.edu.br\/wp-content\/uploads\/2024\/11\/equipe2-768x576.jpg 768w, https:\/\/eacc.univasf.edu.br\/wp-content\/uploads\/2024\/11\/equipe2-285x214.jpg 285w, https:\/\/eacc.univasf.edu.br\/wp-content\/uploads\/2024\/11\/equipe2.jpg 1280w\" sizes=\"(max-width: 569px) 100vw, 569px\" \/><\/p>\n<p><strong>Dire\u00e7\u00e3o<\/strong><\/p>\n<p>Patr\u00edcia Avello Nicola Pereira &#8211; Diretora<\/p>\n<p><strong>Equipe T\u00e9cnica<\/strong><\/p>\n<p>M\u00f4nica Sberze &#8211; Gerente de Planejamento e Novos Projetos<\/p>\n<p><strong>Equipe Administrativa<\/strong><\/p>\n<p>Rayssa Nascimento &#8211; Gestora P\u00fablica<\/p>\n<hr \/>\n<p><strong>Educadores<\/strong><\/p>\n<p><strong>NEMA\u00a0<\/strong><\/p>\n<p>Iasmin da Silva Leal<\/p>\n<p>Samuel Souza Rios Lima Ara\u00fajo<\/p>\n<p><strong>FACEPE\u00a0<\/strong><\/p>\n<p>Gabriela Mota Sampaio Lopes<\/p>\n<p>Emily Fernandes Pereira<\/p>\n<p>Antonio Marcos Ferreira do Nascimento<\/p>\n<p>Jo\u00e3o Amadeu Cavalcante Neto<\/p>\n<p>\u00c1lvaro Jos\u00e9 Ribeiro dos Santos<\/p>\n<p>Diego dos Santos Fonseca<\/p>\n<p>Rayssa Gabrielly Ferreira da Silva<br \/>\n__________________________________________________________________________________________________<\/p>\n<p><strong>Estagi\u00e1rias<\/strong><\/p>\n<p>Saiara de Souza Mendes<\/p>\n<p>Let\u00edcia Vasconcelos Berti San Juan<br \/>\n_________________________________________________________________________________________________<\/p>\n<p><strong>Orientadores\u00a0<\/strong><\/p>\n<p>Prof. Dr Marco Aur\u00e9lio Gallo de Fran\u00e7a<\/p>\n<p>_________________________________________________________________________________________________<\/p>\n<p><strong>Colaborador\u00a0<\/strong><\/p>\n<p>Ricarte Batista J\u00fanior<\/p>\n","protected":false},"excerpt":{"rendered":"<p>Dire\u00e7\u00e3o Patr\u00edcia Avello Nicola Pereira &#8211; Diretora Equipe T\u00e9cnica M\u00f4nica Sberze &#8211; Gerente de Planejamento e Novos Projetos Equipe Administrativa Rayssa Nascimento &#8211; Gestora P\u00fablica Educadores NEMA\u00a0 Iasmin da Silva Leal Samuel Souza Rios Lima Ara\u00fajo FACEPE\u00a0 Gabriela Mota Sampaio Lopes Emily Fernandes Pereira Antonio Marcos Ferreira do Nascimento Jo\u00e3o Amadeu Cavalcante Neto \u00c1lvaro Jos\u00e9 <a href=\"https:\/\/eacc.univasf.edu.br\/index.php\/equipe\/\" rel=\"nofollow\"><span class=\"sr-only\">Read more about Equipe<\/span>[&hellip;]<\/a><\/p>\n","protected":false},"author":1,"featured_media":0,"parent":0,"menu_order":0,"comment_status":"closed","ping_status":"closed","template":"","meta":{"footnotes":""},"class_list":["post-55","page","type-page","status-publish","hentry"],"_links":{"self":[{"href":"https:\/\/eacc.univasf.edu.br\/index.php\/wp-json\/wp\/v2\/pages\/55"}],"collection":[{"href":"https:\/\/eacc.univasf.edu.br\/index.php\/wp-json\/wp\/v2\/pages"}],"about":[{"href":"https:\/\/eacc.univasf.edu.br\/index.php\/wp-json\/wp\/v2\/types\/page"}],"author":[{"embeddable":true,"href":"https:\/\/eacc.univasf.edu.br\/index.php\/wp-json\/wp\/v2\/users\/1"}],"replies":[{"embeddable":true,"href":"https:\/\/eacc.univasf.edu.br\/index.php\/wp-json\/wp\/v2\/comments?post=55"}],"version-history":[{"count":44,"href":"https:\/\/eacc.univasf.edu.br\/index.php\/wp-json\/wp\/v2\/pages\/55\/revisions"}],"predecessor-version":[{"id":1972,"href":"https:\/\/eacc.univasf.edu.br\/index.php\/wp-json\/wp\/v2\/pages\/55\/revisions\/1972"}],"wp:attachment":[{"href":"https:\/\/eacc.univasf.edu.br\/index.php\/wp-json\/wp\/v2\/media?parent=55"}],"curies":[{"name":"wp","href":"https:\/\/api.w.org\/{rel}","templated":true}]}}

<p><img loading="lazy" decoding="async" class="wp-image-1701 alignnone" src="https://eacc-novo.univasf.edu.br/wp-content/uploads/2024/11/equipe2-300x225.jpg" alt="" width="569" height="427" srcset="https://eacc.univasf.edu.br/wp-content/uploads/2024/11/equipe2-300x225.jpg 300w, https://eacc.univasf.edu.br/wp-content/uploads/2024/11/equipe2-1024x768.jpg 1024w, https://eacc.univasf.edu.br/wp-content/uploads/2024/11/equipe2-768x576.jpg 768w, https://eacc.univasf.edu.br/wp-content/uploads/2024/11/equipe2-285x214.jpg 285w, https://eacc.univasf.edu.br/wp-content/uploads/2024/11/equipe2.jpg 1280w" sizes="(max-width: 569px) 100vw, 569px" /></p>
<p><strong>Direção</strong></p>
<p>Patrícia Avello Nicola Pereira &#8211; Diretora</p>
<p><strong>Equipe Técnica</strong></p>
<p>Mônica Sberze &#8211; Gerente de Planejamento e Novos Projetos</p>
<p><strong>Equipe Administrativa</strong></p>
<p>Rayssa Nascimento &#8211; Gestora Pública</p>
<hr />
<p><strong>Educadores</strong></p>
<p><strong>NEMA </strong></p>
<p>Iasmin da Silva Leal</p>
<p>Samuel Souza Rios Lima Araújo</p>
<p><strong>FACEPE </strong></p>
<p>Gabriela Mota Sampaio Lopes</p>
<p>Emily Fernandes Pereira</p>
<p>Antonio Marcos Ferreira do Nascimento</p>
<p>João Amadeu Cavalcante Neto</p>
<p>Álvaro José Ribeiro dos Santos</p>
<p>Diego dos Santos Fonseca</p>
<p>Rayssa Gabrielly Ferreira da Silva<br />
__________________________________________________________________________________________________</p>
<p><strong>Estagiárias</strong></p>
<p>Saiara de Souza Mendes</p>
<p>Letícia Vasconcelos Berti San Juan<br />
_________________________________________________________________________________________________</p>
<p><strong>Orientadores </strong></p>
<p>Prof. Dr Marco Aurélio Gallo de França</p>
<p>_________________________________________________________________________________________________</p>
<p><strong>Colaborador </strong></p>
<p>Ricarte Batista Júnior</p>

<p>Direção Patrícia Avello Nicola Pereira &#8211; Diretora Equipe Técnica Mônica Sberze &#8211; Gerente de Planejamento e Novos Projetos Equipe Administrativa Rayssa Nascimento &#8211; Gestora Pública Educadores NEMA  Iasmin da Silva Leal Samuel Souza Rios Lima Araújo FACEPE  Gabriela Mota Sampaio Lopes Emily Fernandes Pereira Antonio Marcos Ferreira do Nascimento João Amadeu Cavalcante Neto Álvaro José <a href="https://eacc.univasf.edu.br/index.php/equipe/" rel="nofollow"><span class="sr-only">Read more about Equipe</span>[&hellip;]</a></p>
