{"id":42,"date":"2016-08-12T18:09:03","date_gmt":"2016-08-12T21:09:03","guid":{"rendered":"http:\/\/www.eacc.univasf.edu.br\/site\/?page_id=42"},"modified":"2025-08-28T15:24:32","modified_gmt":"2025-08-28T18:24:32","slug":"sobre","status":"publish","type":"page","link":"https:\/\/eacc.univasf.edu.br\/index.php\/sobre\/","title":{"rendered":"Sobre"},"content":{"rendered":"<p style=\"text-align: justify;\">\u00a0 \u00a0 \u00a0 \u00a0O Espa\u00e7o Arte, Ci\u00eancia e Cultura (EACC)(*) \u00e9 um centro de divulga\u00e7\u00e3o cient\u00edfica vinculado \u00e0 Universidade Federal do Vale do S\u00e3o Francisco (<a href=\"http:\/\/www.univasf.edu.br\/\" target=\"_blank\" rel=\"noopener\">UNIVASF<\/a>). Faz parte da estrutura da Pr\u00f3- Reitoria de Extens\u00e3o, <a href=\"http:\/\/www.proex.univasf.edu.br\/\" target=\"_blank\" rel=\"noopener\">PROEX<\/a>, e oferece servi\u00e7os para escolas e p\u00fablico em geral, atuando como ponte entre a universidade e a sociedade, com foco na populariza\u00e7\u00e3o do conhecimento cient\u00edfico e na valoriza\u00e7\u00e3o da diversidade sociocultural do Semi\u00e1rido brasileiro.<\/p>\n<p>Desde sua cria\u00e7\u00e3o, em 2004, o EACC tem como miss\u00e3o despertar a curiosidade cient\u00edfica, promover a aprendizagem significativa e estimular o pensamento cr\u00edtico por meio de exposi\u00e7\u00f5es interativas, oficinas tem\u00e1ticas e atividades de media\u00e7\u00e3o voltadas a p\u00fablicos de todas as idades, especialmente crian\u00e7as e jovens da regi\u00e3o.<\/p>\n<p>Com uma abordagem inter e transdisciplinar, o EACC integra ci\u00eancia, arte, cultura e educa\u00e7\u00e3o ambiental, criando experi\u00eancias imersivas que envolvem temas das diversas \u00e1reas das ci\u00eancias. Seu acervo e suas exposi\u00e7\u00f5es s\u00e3o desenvolvidos de forma a valorizar o territ\u00f3rio, a mem\u00f3ria e os desafios contempor\u00e2neos da regi\u00e3o do Vale do S\u00e3o Francisco.<\/p>\n<p>O EACC est\u00e1 localizado \u00e0s margens do rio S\u00e3o Francisco, no munic\u00edpio de Petrolina (PE), e abriga exposi\u00e7\u00f5es permanentes e tempor\u00e1rias que mesclam interatividade, est\u00e9tica e acessibilidade. O espa\u00e7o conta com diversas instala\u00e7\u00f5es interativas, distribu\u00eddas em 320 metros quadrados de \u00e1rea expositiva, dividida em quatro grandes se\u00e7\u00f5es: exposi\u00e7\u00e3o &#8220;Micro ao Macro&#8221;, que versa sobre o Universo, desde suas menores part\u00edculas at\u00e9 a imensid\u00e3o do Universo observ\u00e1vel; exposi\u00e7\u00e3o &#8220;Faces da Evolu\u00e7\u00e3o&#8221;, que aborda quest\u00f5es relacionadas \u00e0 evolu\u00e7\u00e3o biol\u00f3gica e biodiversidade; exposi\u00e7\u00e3o \u201cTudo Junto e Misturado\u201d, a qual conta com diversas instala\u00e7\u00f5es interativas sobre temas como ac\u00fastica, fluido, eletromagnetismo, biologia, mec\u00e2nica e \u00f3ptica; e uma sala de oficinas, na qual os estudantes t\u00eam a oportunidade de vivenciar uma pr\u00e1tica din\u00e2mica sobre um dos 27 temas dispon\u00edveis para escolha pelo professor.<\/p>\n<p>Recebemos estudantes dos ensinos fundamental I e II, ensino m\u00e9dio, universit\u00e1rios, professores, fam\u00edlias e turistas, promovendo uma ci\u00eancia que acolhe, encanta e transforma.<\/p>\n<p style=\"text-align: justify;\">\u00a0 \u00a0 \u00a0 \u00a0 \u00a0Atualmente o EACC localiza-se na Avenida Cardoso de S\u00e1, 740.<\/p>\n<p style=\"text-align: justify;\">\u00a0 \u00a0 \u00a0 \u00a0 \u00a0O hor\u00e1rio de atendimento ao p\u00fablico \u00e9 de segunda a sexta-feira, das 8h as 12h e das 13h \u00e0s 17h.<\/p>\n<p style=\"text-align: justify;\">\u00a0 \u00a0 \u00a0 \u00a0 \u00a0Visitas devem ser agendadas <a href=\"https:\/\/eacc.univasf.edu.br\/index.php\/visitas\/\">aqui<\/a>.<\/p>\n<p style=\"text-align: justify;\">\u00a0 \u00a0 \u00a0 \u00a0 \u00a0Coordena\u00e7\u00e3o EACC<\/p>\n<p style=\"text-align: justify;\"><strong>\u00a0 \u00a0 \u00a0 \u00a0 \u00a0<a href=\"https:\/\/www.instagram.com\/eacc_univasf\/\" target=\"_blank\" rel=\"noopener\">Curta nossa p\u00e1gina!<\/a><\/strong><\/p>\n<p style=\"text-align: justify;\">(*) O nome ECC foi alterado para EACC conforme <a href=\"https:\/\/drive.google.com\/file\/d\/0B2QOsFHrgvtaUDgtRkNDeHBZUlE\/view?usp=sharing\" target=\"_blank\" rel=\"noopener\">reuni\u00e3o do Conselho Universit\u00e1rio<\/a>, realizada em 31\/01\/2014.<\/p>\n","protected":false},"excerpt":{"rendered":"<p>\u00a0 \u00a0 \u00a0 \u00a0O Espa\u00e7o Arte, Ci\u00eancia e Cultura (EACC)(*) \u00e9 um centro de divulga\u00e7\u00e3o cient\u00edfica vinculado \u00e0 Universidade Federal do Vale do S\u00e3o Francisco (UNIVASF). Faz parte da estrutura da Pr\u00f3- Reitoria de Extens\u00e3o, PROEX, e oferece servi\u00e7os para escolas e p\u00fablico em geral, atuando como ponte entre a universidade e a sociedade, com <a href=\"https:\/\/eacc.univasf.edu.br\/index.php\/sobre\/\" rel=\"nofollow\"><span class=\"sr-only\">Read more about Sobre<\/span>[&hellip;]<\/a><\/p>\n","protected":false},"author":1,"featured_media":0,"parent":0,"menu_order":0,"comment_status":"closed","ping_status":"closed","template":"","meta":{"footnotes":""},"class_list":["post-42","page","type-page","status-publish","hentry"],"_links":{"self":[{"href":"https:\/\/eacc.univasf.edu.br\/index.php\/wp-json\/wp\/v2\/pages\/42"}],"collection":[{"href":"https:\/\/eacc.univasf.edu.br\/index.php\/wp-json\/wp\/v2\/pages"}],"about":[{"href":"https:\/\/eacc.univasf.edu.br\/index.php\/wp-json\/wp\/v2\/types\/page"}],"author":[{"embeddable":true,"href":"https:\/\/eacc.univasf.edu.br\/index.php\/wp-json\/wp\/v2\/users\/1"}],"replies":[{"embeddable":true,"href":"https:\/\/eacc.univasf.edu.br\/index.php\/wp-json\/wp\/v2\/comments?post=42"}],"version-history":[{"count":6,"href":"https:\/\/eacc.univasf.edu.br\/index.php\/wp-json\/wp\/v2\/pages\/42\/revisions"}],"predecessor-version":[{"id":1886,"href":"https:\/\/eacc.univasf.edu.br\/index.php\/wp-json\/wp\/v2\/pages\/42\/revisions\/1886"}],"wp:attachment":[{"href":"https:\/\/eacc.univasf.edu.br\/index.php\/wp-json\/wp\/v2\/media?parent=42"}],"curies":[{"name":"wp","href":"https:\/\/api.w.org\/{rel}","templated":true}]}}

<p style="text-align: justify;">       O Espaço Arte, Ciência e Cultura (EACC)(*) é um centro de divulgação científica vinculado à Universidade Federal do Vale do São Francisco (<a href="http://www.univasf.edu.br/" target="_blank" rel="noopener">UNIVASF</a>). Faz parte da estrutura da Pró- Reitoria de Extensão, <a href="http://www.proex.univasf.edu.br/" target="_blank" rel="noopener">PROEX</a>, e oferece serviços para escolas e público em geral, atuando como ponte entre a universidade e a sociedade, com foco na popularização do conhecimento científico e na valorização da diversidade sociocultural do Semiárido brasileiro.</p>
<p>Desde sua criação, em 2004, o EACC tem como missão despertar a curiosidade científica, promover a aprendizagem significativa e estimular o pensamento crítico por meio de exposições interativas, oficinas temáticas e atividades de mediação voltadas a públicos de todas as idades, especialmente crianças e jovens da região.</p>
<p>Com uma abordagem inter e transdisciplinar, o EACC integra ciência, arte, cultura e educação ambiental, criando experiências imersivas que envolvem temas das diversas áreas das ciências. Seu acervo e suas exposições são desenvolvidos de forma a valorizar o território, a memória e os desafios contemporâneos da região do Vale do São Francisco.</p>
<p>O EACC está localizado às margens do rio São Francisco, no município de Petrolina (PE), e abriga exposições permanentes e temporárias que mesclam interatividade, estética e acessibilidade. O espaço conta com diversas instalações interativas, distribuídas em 320 metros quadrados de área expositiva, dividida em quatro grandes seções: exposição &#8220;Micro ao Macro&#8221;, que versa sobre o Universo, desde suas menores partículas até a imensidão do Universo observável; exposição &#8220;Faces da Evolução&#8221;, que aborda questões relacionadas à evolução biológica e biodiversidade; exposição “Tudo Junto e Misturado”, a qual conta com diversas instalações interativas sobre temas como acústica, fluido, eletromagnetismo, biologia, mecânica e óptica; e uma sala de oficinas, na qual os estudantes têm a oportunidade de vivenciar uma prática dinâmica sobre um dos 27 temas disponíveis para escolha pelo professor.</p>
<p>Recebemos estudantes dos ensinos fundamental I e II, ensino médio, universitários, professores, famílias e turistas, promovendo uma ciência que acolhe, encanta e transforma.</p>
<p style="text-align: justify;">         Atualmente o EACC localiza-se na Avenida Cardoso de Sá, 740.</p>
<p style="text-align: justify;">         O horário de atendimento ao público é de segunda a sexta-feira, das 8h as 12h e das 13h às 17h.</p>
<p style="text-align: justify;">         Visitas devem ser agendadas <a href="https://eacc.univasf.edu.br/index.php/visitas/">aqui</a>.</p>
<p style="text-align: justify;">         Coordenação EACC</p>
<p style="text-align: justify;"><strong>         <a href="https://www.instagram.com/eacc_univasf/" target="_blank" rel="noopener">Curta nossa página!</a></strong></p>
<p style="text-align: justify;">(*) O nome ECC foi alterado para EACC conforme <a href="https://drive.google.com/file/d/0B2QOsFHrgvtaUDgtRkNDeHBZUlE/view?usp=sharing" target="_blank" rel="noopener">reunião do Conselho Universitário</a>, realizada em 31/01/2014.</p>

<p>       O Espaço Arte, Ciência e Cultura (EACC)(*) é um centro de divulgação científica vinculado à Universidade Federal do Vale do São Francisco (UNIVASF). Faz parte da estrutura da Pró- Reitoria de Extensão, PROEX, e oferece serviços para escolas e público em geral, atuando como ponte entre a universidade e a sociedade, com <a href="https://eacc.univasf.edu.br/index.php/sobre/" rel="nofollow"><span class="sr-only">Read more about Sobre</span>[&hellip;]</a></p>
