{"id":206,"date":"2017-01-26T15:39:02","date_gmt":"2017-01-26T18:39:02","guid":{"rendered":"http:\/\/www.eacc.univasf.edu.br\/site\/?page_id=206"},"modified":"2017-01-27T16:28:54","modified_gmt":"2017-01-27T19:28:54","slug":"missao-visao-e-valores","status":"publish","type":"page","link":"https:\/\/eacc.univasf.edu.br\/index.php\/missao-visao-e-valores\/","title":{"rendered":"Miss\u00e3o, Vis\u00e3o e Valores"},"content":{"rendered":"<h5>MISS\u00c3O<\/h5>\n<ul>\n<li>Promover a\u00e7\u00f5es de incentivo \u00e0 cultura cient\u00edfica para a sociedade do Vale do S\u00e3o Francisco.<\/li>\n<\/ul>\n<h5>VIS\u00c3O<\/h5>\n<ul>\n<li>Despertar o sonhar por meio da dissemina\u00e7\u00e3o do conhecimento multidisciplinar e da aprendizagem interativa.<\/li>\n<\/ul>\n<div>\n<h5>VALORES<\/h5>\n<\/div>\n<ul>\n<li>comprometimento.<\/li>\n<li>respeito \u00e0 diversidade sociocultural.<\/li>\n<li>ambiente de trabalho solid\u00e1rio e estimulante.<\/li>\n<li>atender o p\u00fablico com excel\u00eancia.<\/li>\n<li>h\u00e1bitos saud\u00e1veis e ecologicamente sustent\u00e1veis.<\/li>\n<\/ul>\n","protected":false},"excerpt":{"rendered":"<p>MISS\u00c3O Promover a\u00e7\u00f5es de incentivo \u00e0 cultura cient\u00edfica para a sociedade do Vale do S\u00e3o Francisco. VIS\u00c3O Despertar o sonhar por meio da dissemina\u00e7\u00e3o do conhecimento multidisciplinar e da aprendizagem interativa. VALORES comprometimento. respeito \u00e0 diversidade sociocultural. ambiente de trabalho solid\u00e1rio e estimulante. atender o p\u00fablico com excel\u00eancia. h\u00e1bitos saud\u00e1veis e ecologicamente sustent\u00e1veis.<\/p>\n","protected":false},"author":1,"featured_media":0,"parent":0,"menu_order":0,"comment_status":"closed","ping_status":"closed","template":"","meta":{"footnotes":""},"class_list":["post-206","page","type-page","status-publish","hentry"],"_links":{"self":[{"href":"https:\/\/eacc.univasf.edu.br\/index.php\/wp-json\/wp\/v2\/pages\/206"}],"collection":[{"href":"https:\/\/eacc.univasf.edu.br\/index.php\/wp-json\/wp\/v2\/pages"}],"about":[{"href":"https:\/\/eacc.univasf.edu.br\/index.php\/wp-json\/wp\/v2\/types\/page"}],"author":[{"embeddable":true,"href":"https:\/\/eacc.univasf.edu.br\/index.php\/wp-json\/wp\/v2\/users\/1"}],"replies":[{"embeddable":true,"href":"https:\/\/eacc.univasf.edu.br\/index.php\/wp-json\/wp\/v2\/comments?post=206"}],"version-history":[{"count":3,"href":"https:\/\/eacc.univasf.edu.br\/index.php\/wp-json\/wp\/v2\/pages\/206\/revisions"}],"predecessor-version":[{"id":362,"href":"https:\/\/eacc.univasf.edu.br\/index.php\/wp-json\/wp\/v2\/pages\/206\/revisions\/362"}],"wp:attachment":[{"href":"https:\/\/eacc.univasf.edu.br\/index.php\/wp-json\/wp\/v2\/media?parent=206"}],"curies":[{"name":"wp","href":"https:\/\/api.w.org\/{rel}","templated":true}]}}