{"id":1800,"date":"2025-05-30T10:02:02","date_gmt":"2025-05-30T13:02:02","guid":{"rendered":"https:\/\/eacc.univasf.edu.br\/?page_id=1800"},"modified":"2025-05-30T16:55:43","modified_gmt":"2025-05-30T19:55:43","slug":"selecao-diretoria","status":"publish","type":"page","link":"https:\/\/eacc.univasf.edu.br\/index.php\/selecao-diretoria\/","title":{"rendered":"Sele\u00e7\u00e3o Diretoria"},"content":{"rendered":"\n<p>Esta se\u00e7\u00e3o trata da sele\u00e7\u00e3o da nova Diretoria do EACC. O(a) novo(a) Diretor(a) ser\u00e1 nomeado(a) pelo Reitor, a partir da lista tr\u00edplice elaborada pelo Comit\u00ea de Busca, composto por tr\u00eas membros (Artigo 15, resolu\u00e7\u00e3o Conuni 14\/2015 \u2013 Regimento Interno do EACC). O mandato ser\u00e1 de 48 meses.<\/p>\n\n\n\n<p>&#8211;> <a href=\"https:\/\/drive.google.com\/file\/d\/1_W4_46-SschWuOpF1TozyUzh3cgJQ-6k\/view?usp=sharing\" target=\"_blank\" rel=\"noreferrer noopener\">Link do Edital<\/a><br>&#8211;> <a href=\"https:\/\/docs.google.com\/forms\/d\/e\/1FAIpQLSfBsTe8SY0j4nCVeqSUwIwwcmF91LVK2-_1M7bMcYtaS018tg\/viewform?usp=send_form\" target=\"_blank\" rel=\"noreferrer noopener\">Link do Formul\u00e1rio de Inscri\u00e7\u00e3o<\/a><\/p>\n\n\n\n<hr class=\"wp-block-separator has-alpha-channel-opacity\"\/>\n\n\n\n<p><strong>Documentos importantes para entender melhor o EACC:<\/strong> <br>&#8211;> <a href=\"https:\/\/drive.google.com\/file\/d\/0B2QOsFHrgvtaS3BTS05KNXNOalE\/view?resourcekey=0-PhhqBuNCMqPz0Hgo1TgU6w\" target=\"_blank\" rel=\"noreferrer noopener\">Link Regimento Interno (Resolu\u00e7\u00e3o Conuni 14\/2015)<\/a><br>&#8211;> <a href=\"https:\/\/drive.google.com\/file\/d\/1AD6sAhjmecg3NvrbaFaD1yahZFgEmqtQ\/view?usp=drive_link\" target=\"_blank\" rel=\"noreferrer noopener\">Link da Lei Estadual de Pernambuco de Cess\u00e3o do Im\u00f3vel<\/a><br>&#8211;><a href=\"https:\/\/drive.google.com\/file\/d\/1dJicwjcHXnszGx9lzG7eR83K1mU9Mat1\/view?usp=sharing\" target=\"_blank\" rel=\"noreferrer noopener\"> Link Relat\u00f3rio de Transi\u00e7\u00e3o (2025)<\/a><br>&#8211;> <a href=\"https:\/\/drive.google.com\/file\/d\/1b1f5UZDrxTIqZ9PPZMwZ8CTFlFqvJB6X\/view?usp=drive_link\" target=\"_blank\" rel=\"noreferrer noopener\">Link An\u00e1lise de Risco (2025)<\/a><br>&#8211;> <a href=\"https:\/\/drive.google.com\/file\/d\/18oyj0iFc7vfXLenZF_kfg0muFg5rRf1L\/view?usp=drive_link\" target=\"_blank\" rel=\"noreferrer noopener\">Link Plano de Ocupa\u00e7\u00e3o do Pr\u00e9dio do EACC ORLA (2025)<\/a><\/p>\n\n\n\n<p>&#8211;&gt; <a href=\"https:\/\/eacc.univasf.edu.br\/index.php\/eacc-em-numeros\/\" target=\"_blank\" rel=\"noreferrer noopener\">EACC em n\u00fameros<\/a><\/p>\n\n\n\n<p><\/p>\n\n\n\n<p><\/p>\n\n\n\n<p><\/p>\n\n\n\n<p><\/p>\n\n\n\n<p><\/p>\n\n\n\n<p><\/p>\n\n\n\n<p><\/p>\n","protected":false},"excerpt":{"rendered":"<p>Esta se\u00e7\u00e3o trata da sele\u00e7\u00e3o da nova Diretoria do EACC. O(a) novo(a) Diretor(a) ser\u00e1 nomeado(a) pelo Reitor, a partir da lista tr\u00edplice elaborada pelo Comit\u00ea de Busca, composto por tr\u00eas membros (Artigo 15, resolu\u00e7\u00e3o Conuni 14\/2015 \u2013 Regimento Interno do EACC). O mandato ser\u00e1 de 48 meses. &#8211;> Link do Edital&#8211;> Link do Formul\u00e1rio de <a href=\"https:\/\/eacc.univasf.edu.br\/index.php\/selecao-diretoria\/\" rel=\"nofollow\"><span class=\"sr-only\">Read more about Sele\u00e7\u00e3o Diretoria<\/span>[&hellip;]<\/a><\/p>\n","protected":false},"author":10,"featured_media":0,"parent":0,"menu_order":1,"comment_status":"closed","ping_status":"closed","template":"","meta":{"footnotes":""},"class_list":["post-1800","page","type-page","status-publish","hentry"],"_links":{"self":[{"href":"https:\/\/eacc.univasf.edu.br\/index.php\/wp-json\/wp\/v2\/pages\/1800"}],"collection":[{"href":"https:\/\/eacc.univasf.edu.br\/index.php\/wp-json\/wp\/v2\/pages"}],"about":[{"href":"https:\/\/eacc.univasf.edu.br\/index.php\/wp-json\/wp\/v2\/types\/page"}],"author":[{"embeddable":true,"href":"https:\/\/eacc.univasf.edu.br\/index.php\/wp-json\/wp\/v2\/users\/10"}],"replies":[{"embeddable":true,"href":"https:\/\/eacc.univasf.edu.br\/index.php\/wp-json\/wp\/v2\/comments?post=1800"}],"version-history":[{"count":12,"href":"https:\/\/eacc.univasf.edu.br\/index.php\/wp-json\/wp\/v2\/pages\/1800\/revisions"}],"predecessor-version":[{"id":1828,"href":"https:\/\/eacc.univasf.edu.br\/index.php\/wp-json\/wp\/v2\/pages\/1800\/revisions\/1828"}],"wp:attachment":[{"href":"https:\/\/eacc.univasf.edu.br\/index.php\/wp-json\/wp\/v2\/media?parent=1800"}],"curies":[{"name":"wp","href":"https:\/\/api.w.org\/{rel}","templated":true}]}}

Seleção Diretoria

<p>Esta seção trata da seleção da nova Diretoria do EACC. O(a) novo(a) Diretor(a) será nomeado(a) pelo Reitor, a partir da lista tríplice elaborada pelo Comitê de Busca, composto por três membros (Artigo 15, resolução Conuni 14/2015 – Regimento Interno do EACC). O mandato será de 48 meses.</p>



<p>&#8211;> <a href="https://drive.google.com/file/d/1_W4_46-SschWuOpF1TozyUzh3cgJQ-6k/view?usp=sharing" target="_blank" rel="noreferrer noopener">Link do Edital</a><br>&#8211;> <a href="https://docs.google.com/forms/d/e/1FAIpQLSfBsTe8SY0j4nCVeqSUwIwwcmF91LVK2-_1M7bMcYtaS018tg/viewform?usp=send_form" target="_blank" rel="noreferrer noopener">Link do Formulário de Inscrição</a></p>



<hr class="wp-block-separator has-alpha-channel-opacity"/>



<p><strong>Documentos importantes para entender melhor o EACC:</strong> <br>&#8211;> <a href="https://drive.google.com/file/d/0B2QOsFHrgvtaS3BTS05KNXNOalE/view?resourcekey=0-PhhqBuNCMqPz0Hgo1TgU6w" target="_blank" rel="noreferrer noopener">Link Regimento Interno (Resolução Conuni 14/2015)</a><br>&#8211;> <a href="https://drive.google.com/file/d/1AD6sAhjmecg3NvrbaFaD1yahZFgEmqtQ/view?usp=drive_link" target="_blank" rel="noreferrer noopener">Link da Lei Estadual de Pernambuco de Cessão do Imóvel</a><br>&#8211;><a href="https://drive.google.com/file/d/1dJicwjcHXnszGx9lzG7eR83K1mU9Mat1/view?usp=sharing" target="_blank" rel="noreferrer noopener"> Link Relatório de Transição (2025)</a><br>&#8211;> <a href="https://drive.google.com/file/d/1b1f5UZDrxTIqZ9PPZMwZ8CTFlFqvJB6X/view?usp=drive_link" target="_blank" rel="noreferrer noopener">Link Análise de Risco (2025)</a><br>&#8211;> <a href="https://drive.google.com/file/d/18oyj0iFc7vfXLenZF_kfg0muFg5rRf1L/view?usp=drive_link" target="_blank" rel="noreferrer noopener">Link Plano de Ocupação do Prédio do EACC ORLA (2025)</a></p>



<p>&#8211;&gt; <a href="https://eacc.univasf.edu.br/index.php/eacc-em-numeros/" target="_blank" rel="noreferrer noopener">EACC em números</a></p>



<p></p>



<p></p>



<p></p>



<p></p>



<p></p>



<p></p>



<p></p>

<p>Esta seção trata da seleção da nova Diretoria do EACC. O(a) novo(a) Diretor(a) será nomeado(a) pelo Reitor, a partir da lista tríplice elaborada pelo Comitê de Busca, composto por três membros (Artigo 15, resolução Conuni 14/2015 – Regimento Interno do EACC). O mandato será de 48 meses. &#8211;> Link do Edital&#8211;> Link do Formulário de <a href="https://eacc.univasf.edu.br/index.php/selecao-diretoria/" rel="nofollow"><span class="sr-only">Read more about Seleção Diretoria</span>[&hellip;]</a></p>
